{"id":885,"date":"2020-02-01T23:13:30","date_gmt":"2020-02-01T22:13:30","guid":{"rendered":"https:\/\/www.boisfranc.com\/wilfrid-dev\/?page_id=885"},"modified":"2020-02-17T17:31:38","modified_gmt":"2020-02-17T16:31:38","slug":"plans","status":"publish","type":"page","link":"https:\/\/www.boisfranc.com\/wilfrid\/plans\/","title":{"rendered":"Plans de plancher du Wilfrid"},"content":{"rendered":"<p>[vc_row section_type=\u00a0\u00bbfullwidth\u00a0\u00bb bg_type=\u00a0\u00bbcolor\u00a0\u00bb header_feature=\u00a0\u00bbyes\u00a0\u00bb equal_column_height=\u00a0\u00bbmiddle-content\u00a0\u00bb bg_color=\u00a0\u00bb#f1efe3&Prime; margin_bottom=\u00a0\u00bb0px\u00a0\u00bb el_class=\u00a0\u00bbrow-wilfrid-sub-blue-block\u00a0\u00bb][vc_column width=\u00a0\u00bb1\/2&Prime; css=\u00a0\u00bb.vc_custom_1581631094250{background-position: center !important;background-repeat: no-repeat !important;background-size: cover !important;}\u00a0\u00bb el_id=\u00a0\u00bbplan-facade-all\u00a0\u00bb el_class=\u00a0\u00bbrow-plan-facade\u00a0\u00bb][vc_column_text el_id=\u00a0\u00bbplans-general\u00a0\u00bb el_class=\u00a0\u00bbrow-plans-general\u00a0\u00bb]<style type=\"text\/css\">\n\t\t\t\t#hotspot-902 .hotspots-image-container {\n\t\t\t\t\tbackground: #ffffff;\n\t\t\t\t}\n\n\t\t\t\t#hotspot-902 .hotspots-placeholder,\n\t\t\t\t.featherlight .featherlight-content.lightbox-902,\n\t\t\t\t.qtip.tooltip-902 {\n\t\t\t\t\tbackground: #ffffff;\n\t\t\t\t\tborder: 0 #ffffff solid;\n\t\t\t\t\tcolor: #000000;\n\t\t\t\t}\n\t\t\t\t.qtip.tooltip-902 .qtip-icon .ui-icon {\n\t\t\t\t\tcolor: #ffffff;\n\t\t\t\t}\n\n\t\t\t\t#hotspot-902 .hotspot-title,\n\t\t\t\t.featherlight .featherlight-content.lightbox-902 .hotspot-title,\n\t\t\t\t.qtip.tooltip-902 .hotspot-title {\n\t\t\t\t\tcolor: #ffffff;\n\t\t\t\t}<\/style><div class=\"hotspots-container links-only layout-lightbox event-click\" id=\"hotspot-902\"><div class=\"hotspots-interaction\"><div class=\"hotspots-image-container\"><img width=\"1878\" height= \"1248\" src=\"https:\/\/www.boisfranc.com\/content\/uploads\/sites\/46\/2020\/02\/plan-etage-sans.jpg\" class=\"hotspots-image\" usemap=\"#hotspots-image-902\" data-event-trigger=\"click\" data-highlight-color=\"#1db9ac\" data-highlight-opacity=\"0.66\" data-highlight-border-color=\"#1db9ac\" data-highlight-border-width=\"2\" data-highlight-border-opacity=\"0.66\" data-no-lazy=\"1\" \/><\/div><\/div><map name=\"hotspots-image-902\" class=\"hotspots-map\"><area shape=\"poly\" coords=\"929,709,154,791,156,873,927,846,1245,819,1482,807,1745,841,1749,694,1483,625,1246,649\" href=\"https:\/\/www.boisfranc.com\/wilfrid\/plans\/etage-2\" title=\"\u00c9tage 2\" data-action=\"url\" target=\"\" class=\"url-area\"><area shape=\"poly\" coords=\"155,739,154,803,739,743,1055,692,1245,661,1482,639,1747,700,1748,594,1480,498,1243,532,1053,581,1056,606,739,663\" href=\"https:\/\/www.boisfranc.com\/wilfrid\/plans\/etage-3\" title=\"\u00c9tage 3\" data-action=\"url\" target=\"\" class=\"url-area\"><area shape=\"poly\" coords=\"155,674,155,743,928,631,928,612,1246,543,1484,511,1744,597,1743,489,1483,371,1243,415,928,527\" href=\"https:\/\/www.boisfranc.com\/wilfrid\/plans\/etage-4\" title=\"\u00c9tage 4\" data-action=\"url\" target=\"\" class=\"url-area\"><area shape=\"poly\" coords=\"154,615,153,684,197,672,928,541,936,537,1329,429,1485,402,1747,512,1747,394,1484,261,1241,318,930,436\" href=\"https:\/\/www.boisfranc.com\/wilfrid\/plans\/etage-5\" title=\"\u00c9tage 5\" data-action=\"url\" target=\"\" class=\"url-area\"><area shape=\"poly\" coords=\"153,536,153,619,342,573,425,556,731,478,928,428,1243,300,1479,248,1749,398,1749,324,1727,306,1724,267,1621,197,1549,118,1525,127,1482,95,1247,156,948,304,925,313,496,451,495,443,489,442,399,471,401,489,343,479,221,508,194,519\" href=\"https:\/\/www.boisfranc.com\/wilfrid\/plans\/etage-6\" title=\"\u00c9tage 6\" data-action=\"url\" target=\"\" class=\"url-area\"><\/map><div class=\"hotspot-info\" id=\"hotspot-hotspot-902-0\"><h2 class=\"hotspot-title\">\u00c9tage 2<\/h2><div class=\"hotspot-content\"><\/div><\/div><div class=\"hotspot-info\" id=\"hotspot-hotspot-902-1\"><h2 class=\"hotspot-title\">\u00c9tage 3<\/h2><div class=\"hotspot-content\"><\/div><\/div><div class=\"hotspot-info\" id=\"hotspot-hotspot-902-2\"><h2 class=\"hotspot-title\">\u00c9tage 4<\/h2><div class=\"hotspot-content\"><\/div><\/div><div class=\"hotspot-info\" id=\"hotspot-hotspot-902-3\"><h2 class=\"hotspot-title\">\u00c9tage 5<\/h2><div class=\"hotspot-content\"><\/div><\/div><div class=\"hotspot-info\" id=\"hotspot-hotspot-902-4\"><h2 class=\"hotspot-title\">\u00c9tage 6<\/h2><div class=\"hotspot-content\"><\/div><\/div><\/div>[\/vc_column_text][\/vc_column][vc_column width=\u00a0\u00bb1\/2&Prime; css=\u00a0\u00bb.vc_custom_1580595353943{background-color: #f1efe3 !important;background-position: center !important;background-repeat: no-repeat !important;background-size: cover !important;}\u00a0\u00bb el_id=\u00a0\u00bbpage-row-right\u00a0\u00bb][vc_empty_space height=\u00a0\u00bb50px\u00a0\u00bb][vc_empty_space height=\u00a0\u00bb50px\u00a0\u00bb el_class=\u00a0\u00bbrow-height-hidden\u00a0\u00bb][vc_column_text]<\/p>\n<h2 class=\"green-title-left\">Choisissez votre destination<\/h2>\n<p>[\/vc_column_text][vc_column_text]<\/p>\n<ul class=\"liste-quartier\">\n<li>Le b\u00e2timent du Wilfrid vous offre 100 unit\u00e9s de condos r\u00e9sidentiels, r\u00e9parties sur 6 \u00e9tages.<\/li>\n<li>Superficie variant de 460 \u00e0 969 pi<sup>2<\/sup>.<\/li>\n<li style=\"font-weight: 500;\">Le rez-de-chauss\u00e9e est r\u00e9serv\u00e9 aux commerces et services de proximit\u00e9.<\/li>\n<\/ul>\n<p class=\"txt-block-aplans-cliquez\">Cliquez et d\u00e9couvrez les diff\u00e9rentes<br \/>\nunit\u00e9s disponibles pour faire votre choix.<\/p>\n<p>[\/vc_column_text][vc_column_text css=\u00a0\u00bb.vc_custom_1580598551495{padding-top: 20px !important;}\u00a0\u00bb]<a class=\"grve-btn grve-btn-small grve-square grve-bg-primary-5 grve-bg-hover-primary-1 button-plans-inline\" href=\"https:\/\/www.boisfranc.com\/wilfrid\/plans\/etage-2\">\u00c9TAGE 2<\/a> <a class=\"grve-btn grve-btn-small grve-square grve-bg-primary-5 grve-bg-hover-primary-1 button-plans-inline\" href=\"https:\/\/www.boisfranc.com\/wilfrid\/plans\/etage-3\">\u00c9TAGE 3<\/a> <a class=\"grve-btn grve-btn-small grve-square grve-bg-primary-5 grve-bg-hover-primary-1 button-plans-inline\" href=\"https:\/\/www.boisfranc.com\/wilfrid\/plans\/etage-4\">\u00c9TAGE 4<\/a> <a class=\"grve-btn grve-btn-small grve-square grve-bg-primary-5 grve-bg-hover-primary-1 button-plans-inline\" href=\"https:\/\/www.boisfranc.com\/wilfrid\/plans\/etage-5\">\u00c9TAGE 5<\/a> <a class=\"grve-btn grve-btn-small grve-square grve-bg-primary-5 grve-bg-hover-primary-1 button-plans-inline\" href=\"https:\/\/www.boisfranc.com\/wilfrid\/plans\/etage-6\">\u00c9TAGE 6<\/a>[\/vc_column_text][vc_empty_space height=\u00a0\u00bb50px\u00a0\u00bb][vc_empty_space height=\u00a0\u00bb50px\u00a0\u00bb el_class=\u00a0\u00bbrow-height-hidden\u00a0\u00bb][\/vc_column][\/vc_row][vc_row bg_type=\u00a0\u00bbgradient\u00a0\u00bb bg_gradient_color_1=\u00a0\u00bb#242a5e\u00a0\u00bb bg_gradient_color_2=\u00a0\u00bb#0f2344&Prime; bg_gradient_direction=\u00a0\u00bb135&Prime; footer_feature=\u00a0\u00bbyes\u00a0\u00bb padding_bottom=\u00a0\u00bb100px\u00a0\u00bb el_class=\u00a0\u00bbblock-map-bottom\u00a0\u00bb][vc_column css=\u00a0\u00bb.vc_custom_1580527069121{margin-top: -1px !important;}\u00a0\u00bb][vc_empty_space height=\u00a0\u00bb60px\u00a0\u00bb][vc_empty_space height=\u00a0\u00bb50px\u00a0\u00bb el_class=\u00a0\u00bbrow-height-hidden\u00a0\u00bb][vc_column_text el_class=\u00a0\u00bbblock-subheader-home map-bottom-resp\u00a0\u00bb]<\/p>\n<h2 class=\"title-block-map\">Quartier <span style=\"white-space: nowrap;\">Bois-franc<\/span><\/h2>\n<p class=\"txt-block-map\">Le Wilfrid est situ\u00e9 dans le d\u00e9veloppement de Bois-Franc, \u00e0 Saint-Laurent. Le quartier Bois-Franc est un lieu aux destinations infinies, \u00e0 proximit\u00e9 du futur REM, offrant un style de vie actif, social et professionnel.<\/p>\n<p>[\/vc_column_text][vc_column_text css=\u00a0\u00bb.vc_custom_1580527649243{margin-top: -25px !important;}\u00a0\u00bb]<img loading=\"lazy\" class=\"wp-image-533 aligncenter\" src=\"http:\/\/www.boisfranc.com\/content\/uploads\/sites\/46\/2020\/02\/icone-transports.png\" alt=\"\" width=\"405\" height=\"96\" srcset=\"https:\/\/www.boisfranc.com\/content\/uploads\/sites\/46\/2020\/02\/icone-transports.png 747w, https:\/\/www.boisfranc.com\/content\/uploads\/sites\/46\/2020\/02\/icone-transports-300x71.png 300w\" sizes=\"(max-width: 405px) 100vw, 405px\" \/>[\/vc_column_text][vc_column_text]\n            \n            \n            \n            <a name='map1'><\/a>\n            \n            \n            \n            \n            <div class=\"wpgmza_map \"  id=\"wpgmza_map_1\" style=\"display:block; overflow:auto; width:100%; height:400px; float:left;\" data-settings='{\"id\":\"1\",\"map_title\":\"CARTE FR\",\"map_width\":\"100\",\"map_height\":\"400\",\"map_start_lat\":\"45.521221\",\"map_start_lng\":\"-73.709799\",\"map_start_location\":\"45.521220990993776,-73.70979866137694\",\"map_start_zoom\":\"15\",\"default_marker\":\"0\",\"type\":\"1\",\"alignment\":\"1\",\"directions_enabled\":\"0\",\"styling_enabled\":\"0\",\"styling_json\":\"\",\"active\":\"0\",\"kml\":\"\",\"bicycle\":\"0\",\"traffic\":\"0\",\"dbox\":\"1\",\"dbox_width\":\"100\",\"listmarkers\":\"0\",\"listmarkers_advanced\":\"0\",\"filterbycat\":\"0\",\"ugm_enabled\":\"0\",\"ugm_category_enabled\":\"0\",\"fusion\":\"\",\"map_width_type\":\"\\\\%\",\"map_height_type\":\"px\",\"mass_marker_support\":\"1\",\"ugm_access\":\"0\",\"order_markers_by\":\"1\",\"order_markers_choice\":\"2\",\"show_user_location\":\"2\",\"default_to\":\"\",\"other_settings\":{\"wpgmza_store_locator_restrict\":\"\",\"wpgmza_sl_animation\":\"1\",\"store_locator_query_string\":\"Code Postal \\\/ Adresse\",\"store_locator_name_string\":\"Titre \\\/ Description\",\"store_locator_default_address\":\"\",\"wpgmza_dbox_width_type\":\"%\",\"map_max_zoom\":\"3\",\"map_min_zoom\":\"21\",\"sl_stroke_color\":\"FF0000\",\"sl_stroke_opacity\":\"0.25\",\"sl_fill_color\":\"FF0000\",\"sl_fill_opacity\":\"0.15\",\"click_open_link\":2,\"transport_layer\":0,\"iw_primary_color\":\"2A3744\",\"iw_accent_color\":\"252F3A\",\"iw_text_color\":\"FFFFFF\",\"wpgmza_iw_type\":\"0\",\"list_markers_by\":\"0\",\"push_in_map\":\"\",\"push_in_map_placement\":\"9\",\"wpgmza_push_in_map_width\":\"\",\"wpgmza_push_in_map_height\":\"\",\"wpgmza_theme_data\":\"[{\\\\\\\"featureType\\\\\\\":\\\\\\\"landscape\\\\\\\",\\\\\\\"stylers\\\\\\\":[{\\\\\\\"saturation\\\\\\\":-100},{\\\\\\\"lightness\\\\\\\":65},{\\\\\\\"visibility\\\\\\\":\\\\\\\"on\\\\\\\"}]},{\\\\\\\"featureType\\\\\\\":\\\\\\\"poi\\\\\\\",\\\\\\\"stylers\\\\\\\":[{\\\\\\\"saturation\\\\\\\":-100},{\\\\\\\"lightness\\\\\\\":51},{\\\\\\\"visibility\\\\\\\":\\\\\\\"simplified\\\\\\\"}]},{\\\\\\\"featureType\\\\\\\":\\\\\\\"road.highway\\\\\\\",\\\\\\\"stylers\\\\\\\":[{\\\\\\\"saturation\\\\\\\":-100},{\\\\\\\"visibility\\\\\\\":\\\\\\\"simplified\\\\\\\"}]},{\\\\\\\"featureType\\\\\\\":\\\\\\\"road.arterial\\\\\\\",\\\\\\\"stylers\\\\\\\":[{\\\\\\\"saturation\\\\\\\":-100},{\\\\\\\"lightness\\\\\\\":30},{\\\\\\\"visibility\\\\\\\":\\\\\\\"on\\\\\\\"}]},{\\\\\\\"featureType\\\\\\\":\\\\\\\"road.local\\\\\\\",\\\\\\\"stylers\\\\\\\":[{\\\\\\\"saturation\\\\\\\":-100},{\\\\\\\"lightness\\\\\\\":40},{\\\\\\\"visibility\\\\\\\":\\\\\\\"on\\\\\\\"}]},{\\\\\\\"featureType\\\\\\\":\\\\\\\"transit\\\\\\\",\\\\\\\"stylers\\\\\\\":[{\\\\\\\"saturation\\\\\\\":-100},{\\\\\\\"visibility\\\\\\\":\\\\\\\"simplified\\\\\\\"}]},{\\\\\\\"featureType\\\\\\\":\\\\\\\"administrative.province\\\\\\\",\\\\\\\"stylers\\\\\\\":[{\\\\\\\"visibility\\\\\\\":\\\\\\\"off\\\\\\\"}]},{\\\\\\\"featureType\\\\\\\":\\\\\\\"water\\\\\\\",\\\\\\\"elementType\\\\\\\":\\\\\\\"labels\\\\\\\",\\\\\\\"stylers\\\\\\\":[{\\\\\\\"visibility\\\\\\\":\\\\\\\"on\\\\\\\"},{\\\\\\\"lightness\\\\\\\":-25},{\\\\\\\"saturation\\\\\\\":-100}]},{\\\\\\\"featureType\\\\\\\":\\\\\\\"water\\\\\\\",\\\\\\\"elementType\\\\\\\":\\\\\\\"geometry\\\\\\\",\\\\\\\"stylers\\\\\\\":[{\\\\\\\"hue\\\\\\\":\\\\\\\"#ffff00\\\\\\\"},{\\\\\\\"lightness\\\\\\\":-25},{\\\\\\\"saturation\\\\\\\":-97}]}]\",\"wpgmza_theme_selection\":3,\"upload_default_ul_marker\":\"\",\"upload_default_sl_marker\":\"\",\"shortcodeAttributes\":{\"id\":\"1\"}}}' data-map-id='1' data-shortcode-attributes='{\"id\":\"1\"}'> <\/div>\n            \n               \n        [\/vc_column_text][\/vc_column][\/vc_row]<\/p>\n","protected":false},"excerpt":{"rendered":"<p>[vc_row section_type=\u00a0\u00bbfullwidth\u00a0\u00bb bg_type=\u00a0\u00bbcolor\u00a0\u00bb header_feature=\u00a0\u00bbyes\u00a0\u00bb equal_column_height=\u00a0\u00bbmiddle-content\u00a0\u00bb bg_color=\u00a0\u00bb#f1efe3&Prime; margin_bottom=\u00a0\u00bb0px\u00a0\u00bb el_class=\u00a0\u00bbrow-wilfrid-sub-blue-block\u00a0\u00bb][vc_column width=\u00a0\u00bb1\/2&Prime; css=\u00a0\u00bb.vc_custom_1581631094250{background-position: center !important;background-repeat: no-repeat !important;background-size: cover !important;}\u00a0\u00bb el_id=\u00a0\u00bbplan-facade-all\u00a0\u00bb el_class=\u00a0\u00bbrow-plan-facade\u00a0\u00bb][vc_column_text el_id=\u00a0\u00bbplans-general\u00a0\u00bb el_class=\u00a0\u00bbrow-plans-general\u00a0\u00bb][\/vc_column_text][\/vc_column][vc_column width=\u00a0\u00bb1\/2&Prime; css=\u00a0\u00bb.vc_custom_1580595353943{background-color: #f1efe3 !important;background-position: center !important;background-repeat: no-repeat !important;background-size: cover !important;}\u00a0\u00bb el_id=\u00a0\u00bbpage-row-right\u00a0\u00bb][vc_empty_space height=\u00a0\u00bb50px\u00a0\u00bb][vc_empty_space height=\u00a0\u00bb50px\u00a0\u00bb el_class=\u00a0\u00bbrow-height-hidden\u00a0\u00bb][vc_column_text] Choisissez votre destination [\/vc_column_text][vc_column_text] Le b\u00e2timent du Wilfrid vous offre 100 unit\u00e9s de condos r\u00e9sidentiels, r\u00e9parties sur 6 \u00e9tages. Superficie variant [&hellip;]<\/p>\n","protected":false},"author":14,"featured_media":911,"parent":0,"menu_order":0,"comment_status":"closed","ping_status":"open","template":"","meta":[],"yoast_head":"<!-- This site is optimized with the Yoast SEO plugin v17.4 - https:\/\/yoast.com\/wordpress\/plugins\/seo\/ -->\n<title>Les Condos Wilfrid - Bois-Franc \u00e0 Saint-Laurent<\/title>\n<meta name=\"description\" content=\"Les condos Wilfrid, situ\u00e9s \u00e0 Bois-Franc - Saint-Laurent, vous offrent 100 unit\u00e9s modernes de 1 ou 2 chambres \u00e0 coucher et sont toutes dot\u00e9es d\u2019un air climatis\u00e9 pour vous offrir un maximum de confort.\" \/>\n<meta name=\"robots\" content=\"index, follow, max-snippet:-1, max-image-preview:large, max-video-preview:-1\" \/>\n<link rel=\"canonical\" href=\"https:\/\/www.boisfranc.com\/wilfrid\/plans\/\" \/>\n<meta property=\"og:locale\" content=\"fr_FR\" \/>\n<meta property=\"og:type\" content=\"article\" \/>\n<meta property=\"og:title\" content=\"Les Condos Wilfrid - Bois-Franc \u00e0 Saint-Laurent\" \/>\n<meta property=\"og:description\" content=\"Les condos Wilfrid, situ\u00e9s \u00e0 Bois-Franc - Saint-Laurent, vous offrent 100 unit\u00e9s modernes de 1 ou 2 chambres \u00e0 coucher et sont toutes dot\u00e9es d\u2019un air climatis\u00e9 pour vous offrir un maximum de confort.\" \/>\n<meta property=\"og:url\" content=\"https:\/\/www.boisfranc.com\/wilfrid\/plans\/\" \/>\n<meta property=\"og:site_name\" content=\"Wilfrid\" \/>\n<meta property=\"article:modified_time\" content=\"2020-02-17T16:31:38+00:00\" \/>\n<meta property=\"og:image\" content=\"https:\/\/www.boisfranc.com\/content\/uploads\/sites\/46\/2020\/02\/plans-details-header.jpg\" \/>\n\t<meta property=\"og:image:width\" content=\"1920\" \/>\n\t<meta property=\"og:image:height\" content=\"786\" \/>\n<meta name=\"twitter:card\" content=\"summary\" \/>\n<meta name=\"twitter:label1\" content=\"Dur\u00e9e de lecture est.\" \/>\n\t<meta name=\"twitter:data1\" content=\"2 minutes\" \/>\n<script type=\"application\/ld+json\" class=\"yoast-schema-graph\">{\"@context\":\"https:\/\/schema.org\",\"@graph\":[{\"@type\":\"WebSite\",\"@id\":\"https:\/\/www.boisfranc.com\/wilfrid\/#website\",\"url\":\"https:\/\/www.boisfranc.com\/wilfrid\/\",\"name\":\"Wilfrid\",\"description\":\"Un site utilisant R\\u00e9seau Boisfranc\",\"potentialAction\":[{\"@type\":\"SearchAction\",\"target\":{\"@type\":\"EntryPoint\",\"urlTemplate\":\"https:\/\/www.boisfranc.com\/wilfrid\/?s={search_term_string}\"},\"query-input\":\"required name=search_term_string\"}],\"inLanguage\":\"fr-FR\"},{\"@type\":\"ImageObject\",\"@id\":\"https:\/\/www.boisfranc.com\/wilfrid\/plans\/#primaryimage\",\"inLanguage\":\"fr-FR\",\"url\":\"https:\/\/www.boisfranc.com\/content\/uploads\/sites\/46\/2020\/02\/plans-details-header.jpg\",\"contentUrl\":\"https:\/\/www.boisfranc.com\/content\/uploads\/sites\/46\/2020\/02\/plans-details-header.jpg\",\"width\":1920,\"height\":786},{\"@type\":\"WebPage\",\"@id\":\"https:\/\/www.boisfranc.com\/wilfrid\/plans\/#webpage\",\"url\":\"https:\/\/www.boisfranc.com\/wilfrid\/plans\/\",\"name\":\"Les Condos Wilfrid - Bois-Franc \\u00e0 Saint-Laurent\",\"isPartOf\":{\"@id\":\"https:\/\/www.boisfranc.com\/wilfrid\/#website\"},\"primaryImageOfPage\":{\"@id\":\"https:\/\/www.boisfranc.com\/wilfrid\/plans\/#primaryimage\"},\"datePublished\":\"2020-02-01T22:13:30+00:00\",\"dateModified\":\"2020-02-17T16:31:38+00:00\",\"description\":\"Les condos Wilfrid, situ\\u00e9s \\u00e0 Bois-Franc - Saint-Laurent, vous offrent 100 unit\\u00e9s modernes de 1 ou 2 chambres \\u00e0 coucher et sont toutes dot\\u00e9es d\\u2019un air climatis\\u00e9 pour vous offrir un maximum de confort.\",\"breadcrumb\":{\"@id\":\"https:\/\/www.boisfranc.com\/wilfrid\/plans\/#breadcrumb\"},\"inLanguage\":\"fr-FR\",\"potentialAction\":[{\"@type\":\"ReadAction\",\"target\":[\"https:\/\/www.boisfranc.com\/wilfrid\/plans\/\"]}]},{\"@type\":\"BreadcrumbList\",\"@id\":\"https:\/\/www.boisfranc.com\/wilfrid\/plans\/#breadcrumb\",\"itemListElement\":[{\"@type\":\"ListItem\",\"position\":1,\"name\":\"Accueil\",\"item\":\"https:\/\/www.boisfranc.com\/wilfrid\/\"},{\"@type\":\"ListItem\",\"position\":2,\"name\":\"Plans de plancher du Wilfrid\"}]}]}<\/script>\n<!-- \/ Yoast SEO plugin. -->","yoast_head_json":{"title":"Les Condos Wilfrid - Bois-Franc \u00e0 Saint-Laurent","description":"Les condos Wilfrid, situ\u00e9s \u00e0 Bois-Franc - Saint-Laurent, vous offrent 100 unit\u00e9s modernes de 1 ou 2 chambres \u00e0 coucher et sont toutes dot\u00e9es d\u2019un air climatis\u00e9 pour vous offrir un maximum de confort.","robots":{"index":"index","follow":"follow","max-snippet":"max-snippet:-1","max-image-preview":"max-image-preview:large","max-video-preview":"max-video-preview:-1"},"canonical":"https:\/\/www.boisfranc.com\/wilfrid\/plans\/","og_locale":"fr_FR","og_type":"article","og_title":"Les Condos Wilfrid - Bois-Franc \u00e0 Saint-Laurent","og_description":"Les condos Wilfrid, situ\u00e9s \u00e0 Bois-Franc - Saint-Laurent, vous offrent 100 unit\u00e9s modernes de 1 ou 2 chambres \u00e0 coucher et sont toutes dot\u00e9es d\u2019un air climatis\u00e9 pour vous offrir un maximum de confort.","og_url":"https:\/\/www.boisfranc.com\/wilfrid\/plans\/","og_site_name":"Wilfrid","article_modified_time":"2020-02-17T16:31:38+00:00","og_image":[{"width":1920,"height":786,"url":"https:\/\/www.boisfranc.com\/content\/uploads\/sites\/46\/2020\/02\/plans-details-header.jpg","type":"image\/jpeg"}],"twitter_card":"summary","twitter_misc":{"Dur\u00e9e de lecture est.":"2 minutes"},"schema":{"@context":"https:\/\/schema.org","@graph":[{"@type":"WebSite","@id":"https:\/\/www.boisfranc.com\/wilfrid\/#website","url":"https:\/\/www.boisfranc.com\/wilfrid\/","name":"Wilfrid","description":"Un site utilisant R\u00e9seau Boisfranc","potentialAction":[{"@type":"SearchAction","target":{"@type":"EntryPoint","urlTemplate":"https:\/\/www.boisfranc.com\/wilfrid\/?s={search_term_string}"},"query-input":"required name=search_term_string"}],"inLanguage":"fr-FR"},{"@type":"ImageObject","@id":"https:\/\/www.boisfranc.com\/wilfrid\/plans\/#primaryimage","inLanguage":"fr-FR","url":"https:\/\/www.boisfranc.com\/content\/uploads\/sites\/46\/2020\/02\/plans-details-header.jpg","contentUrl":"https:\/\/www.boisfranc.com\/content\/uploads\/sites\/46\/2020\/02\/plans-details-header.jpg","width":1920,"height":786},{"@type":"WebPage","@id":"https:\/\/www.boisfranc.com\/wilfrid\/plans\/#webpage","url":"https:\/\/www.boisfranc.com\/wilfrid\/plans\/","name":"Les Condos Wilfrid - Bois-Franc \u00e0 Saint-Laurent","isPartOf":{"@id":"https:\/\/www.boisfranc.com\/wilfrid\/#website"},"primaryImageOfPage":{"@id":"https:\/\/www.boisfranc.com\/wilfrid\/plans\/#primaryimage"},"datePublished":"2020-02-01T22:13:30+00:00","dateModified":"2020-02-17T16:31:38+00:00","description":"Les condos Wilfrid, situ\u00e9s \u00e0 Bois-Franc - Saint-Laurent, vous offrent 100 unit\u00e9s modernes de 1 ou 2 chambres \u00e0 coucher et sont toutes dot\u00e9es d\u2019un air climatis\u00e9 pour vous offrir un maximum de confort.","breadcrumb":{"@id":"https:\/\/www.boisfranc.com\/wilfrid\/plans\/#breadcrumb"},"inLanguage":"fr-FR","potentialAction":[{"@type":"ReadAction","target":["https:\/\/www.boisfranc.com\/wilfrid\/plans\/"]}]},{"@type":"BreadcrumbList","@id":"https:\/\/www.boisfranc.com\/wilfrid\/plans\/#breadcrumb","itemListElement":[{"@type":"ListItem","position":1,"name":"Accueil","item":"https:\/\/www.boisfranc.com\/wilfrid\/"},{"@type":"ListItem","position":2,"name":"Plans de plancher du Wilfrid"}]}]}},"_links":{"self":[{"href":"https:\/\/www.boisfranc.com\/wilfrid\/wp-json\/wp\/v2\/pages\/885"}],"collection":[{"href":"https:\/\/www.boisfranc.com\/wilfrid\/wp-json\/wp\/v2\/pages"}],"about":[{"href":"https:\/\/www.boisfranc.com\/wilfrid\/wp-json\/wp\/v2\/types\/page"}],"author":[{"embeddable":true,"href":"https:\/\/www.boisfranc.com\/wilfrid\/wp-json\/wp\/v2\/users\/14"}],"replies":[{"embeddable":true,"href":"https:\/\/www.boisfranc.com\/wilfrid\/wp-json\/wp\/v2\/comments?post=885"}],"version-history":[{"count":19,"href":"https:\/\/www.boisfranc.com\/wilfrid\/wp-json\/wp\/v2\/pages\/885\/revisions"}],"predecessor-version":[{"id":2111,"href":"https:\/\/www.boisfranc.com\/wilfrid\/wp-json\/wp\/v2\/pages\/885\/revisions\/2111"}],"wp:featuredmedia":[{"embeddable":true,"href":"https:\/\/www.boisfranc.com\/wilfrid\/wp-json\/wp\/v2\/media\/911"}],"wp:attachment":[{"href":"https:\/\/www.boisfranc.com\/wilfrid\/wp-json\/wp\/v2\/media?parent=885"}],"curies":[{"name":"wp","href":"https:\/\/api.w.org\/{rel}","templated":true}]}}